{"id":870,"date":"2022-04-25T02:25:59","date_gmt":"2022-04-25T02:25:59","guid":{"rendered":"https:\/\/www.amortiguadoresdeauto.com\/?page_id=870"},"modified":"2022-05-20T08:19:54","modified_gmt":"2022-05-20T08:19:54","slug":"amortiguadores-cofap","status":"publish","type":"page","link":"https:\/\/www.amortiguadoresdeauto.com\/index.php\/amortiguadores-cofap\/","title":{"rendered":"Amortiguadores Cofap y su Historia, Caracter\u00edsticas, Precios y M\u00e1s"},"content":{"rendered":"\n<p>Los amortiguadores Cofap son muy buscados y vendidos en muchos pa\u00edses, especialmente en Argentina. <\/p>\n\n\n\n<p>La marca se especializa en productos como resortes neum\u00e1ticos, parrillas de suspensi\u00f3n, juntas homocin\u00e9ticas y por supuesto, los amortiguadores. <\/p>\n\n\n\n<p>Si est\u00e1s buscando conocer esta marca, tambi\u00e9n conocida por algunos como Magneti Marelli Cofap, aqu\u00ed encontraras todo lo que necesitas saber, desde su origen, hasta sus precios y la opini\u00f3n acerca de estos. <\/p>\n\n\n\n<p><\/p>\n\n\n\n<h2 class=\"wp-block-heading\"><strong>Origen de los Amortiguadores Cofap<\/strong><\/h2>\n\n\n\n<p>El pa\u00eds procedencia de la marca Cofap es Brasil, donde se originan en el 1951. A partir de la d\u00e9cada del 70, llegan a expandirse a aproximadamente 98 pa\u00edses.<\/p>\n\n\n\n<p>Inicialmente, la marca se enfocaba en productos para el motor, pero con su crecimiento comenzaron a incluir otras piezas de autom\u00f3viles en su cat\u00e1logo. Uno de sus productos estrella es el amortiguador, que en Brasil son reconocidos como productos Elite. <\/p>\n\n\n\n<p><\/p>\n\n\n\n<h2 class=\"wp-block-heading\"><strong>\u00bfLos Amortiguadores Cofap son buenos?<\/strong><\/h2>\n\n\n\n<p>La respuesta es si, ya que son productos de calidad, f\u00e1ciles de instalar y tambi\u00e9n son muy asequibles. <\/p>\n\n\n\n<p>La durabilidad y garant\u00edas de los amortiguadores Cofap tambi\u00e9n son aspectos importantes a tener en cuenta antes de realizar una compra, y las opiniones con relaci\u00f3n a estas tambi\u00e9n son muy positivas.  <\/p>\n\n\n\n<p>Entonces, si est\u00e1 buscando una manera econ\u00f3mica y f\u00e1cil de mejorar la calidad de tu manejo, los amortiguadores Cofap son una gran opci\u00f3n.<\/p>\n\n\n\n<p><\/p>\n\n\n\n<h2 class=\"wp-block-heading\"><strong>Cat\u00e1logo <\/strong><\/h2>\n\n\n\n<p>Los productos de la marca se dividen en dos: <strong>l\u00ednea liviana y l\u00ednea pesada<\/strong>. A continuaci\u00f3n te mostramos varios modelos disponibles.<\/p>\n\n\n<div class=\"container\">\n\t\t\t\t\t\t\t<div class=\"naaa-grid\"><div class=\"naaa-gridbox naaa-responsive\">\n\t\t\t\t\t\t<a rel=\"sponsored,nofollow\" target=\"_blank\" href=\"https:\/\/www.amazon.com\/dp\/B01N9QN480?tag=amortiguadore-20\" class=\"naaa-link-gridbox\">\n\t\t\t\t\t\t<div class=\"naaa-product\">\n\t\t\t\t\t\t\t\n\t\t\t\t\t\t\t<div class=\"naaa-product-thumb\">\n\t\t\t\t\t\t\t\t<img class=\"naaa-product-img\" src=\"https:\/\/m.media-amazon.com\/images\/I\/41FXiVL0x1L._AC_AC_SR250,250_.jpg\" alt=\"Cofap 113413031BBR Shock Absorber (Front for VW Beetle)\">\n\t\t\t\t\t\t\t<\/div>\n\t\t\t\t\t\t\t\n\t\t\t\t\t\t\t<div class=\"naaa-product-title\">\n\t\t\t\t\t\t\t\tCofap 113413031BBR Shock Absorber (Front for VW Beetle)\n\t\t\t\t\t\t\t<\/div>\n\t\t\t\t\t\t\t<div class=\"naaa-product-price\"><div><\/div><\/div>\n\t\t\t\t\t\t\t<div class=\"naaa-product-action\"><div class=\"naaa-product-button naaa-product-button-border\">Ver en Amazon<\/div><\/div>\n\t\t\t\t\t\t\t<div class=\"naaa-rating-and-review\">\n\t\t\t\t\t\t\t\t<div class=\"naaa-product-rating\"><fieldset class=\"naaa-rating\" id=\"6a0902a15a3e5\"><input type=\"radio\" class=\"naaa-input-star\" name=\"6a0902a15a3e5\" value=\"10\" \/><label class=\"naaa-full naaa-label-star\" title=\"2.5 de 5\"><\/label><input type=\"radio\" class=\"naaa-input-star\" name=\"6a0902a15a3e5\" value=\"9\" \/><label class=\"naaa-half naaa-label-star\" title=\"2.5 de 5\"><\/label><input type=\"radio\" class=\"naaa-input-star\" name=\"6a0902a15a3e5\" value=\"8\" \/><label class=\"naaa-full naaa-label-star\" title=\"2.5 de 5\"><\/label><input type=\"radio\" class=\"naaa-input-star\" name=\"6a0902a15a3e5\" value=\"7\" \/><label class=\"naaa-half naaa-label-star\" title=\"2.5 de 5\"><\/label><input type=\"radio\" class=\"naaa-input-star\" name=\"6a0902a15a3e5\" value=\"6\" \/><label class=\"naaa-full naaa-label-star\" title=\"2.5 de 5\"><\/label><input type=\"radio\" class=\"naaa-input-star\" name=\"6a0902a15a3e5\" value=\"5\"  checked='checked'\/><label class=\"naaa-half naaa-label-star\" title=\"2.5 de 5\"><\/label><input type=\"radio\" class=\"naaa-input-star\" name=\"6a0902a15a3e5\" value=\"4\" \/><label class=\"naaa-full naaa-label-star\" title=\"2.5 de 5\"><\/label><input type=\"radio\" class=\"naaa-input-star\" name=\"6a0902a15a3e5\" value=\"3\" \/><label class=\"naaa-half naaa-label-star\" title=\"2.5 de 5\"><\/label><input type=\"radio\" class=\"naaa-input-star\" name=\"6a0902a15a3e5\" value=\"2\" \/><label class=\"naaa-full naaa-label-star\" title=\"2.5 de 5\"><\/label><\/fieldset><\/div>\n\t\t\t\t\t\t\t\t\n\t\t\t\t\t\t\t<\/div>\n\t\t\t\t\t\t<\/div>\n\t\t\t\t\t\t<\/a>\n\t\t\t\t\t<\/div><div class=\"naaa-gridbox naaa-responsive\">\n\t\t\t\t\t\t<a rel=\"sponsored,nofollow\" target=\"_blank\" href=\"https:\/\/www.amazon.com\/dp\/B01N21CP2H?tag=amortiguadore-20\" class=\"naaa-link-gridbox\">\n\t\t\t\t\t\t<div class=\"naaa-product\">\n\t\t\t\t\t\t\t\n\t\t\t\t\t\t\t<div class=\"naaa-product-thumb\">\n\t\t\t\t\t\t\t\t<img class=\"naaa-product-img\" src=\"https:\/\/m.media-amazon.com\/images\/I\/41v0GYxYSRL._AC_AC_SR250,250_.jpg\" alt=\"Cofap 113413031EUSBR Shock Absorber (Front for VW Beetle)\">\n\t\t\t\t\t\t\t<\/div>\n\t\t\t\t\t\t\t\n\t\t\t\t\t\t\t<div class=\"naaa-product-title\">\n\t\t\t\t\t\t\t\tCofap 113413031EUSBR Shock Absorber (Front for VW Beetle)\n\t\t\t\t\t\t\t<\/div>\n\t\t\t\t\t\t\t<div class=\"naaa-product-price\"><div><\/div><\/div>\n\t\t\t\t\t\t\t<div class=\"naaa-product-action\"><div class=\"naaa-product-button naaa-product-button-border\">Ver en Amazon<\/div><\/div>\n\t\t\t\t\t\t\t<div class=\"naaa-rating-and-review\">\n\t\t\t\t\t\t\t\t<div class=\"naaa-product-rating\"><fieldset class=\"naaa-rating\" id=\"6a0902a15a5d5\"><input type=\"radio\" class=\"naaa-input-star\" name=\"6a0902a15a5d5\" value=\"10\"  checked='checked'\/><label class=\"naaa-full naaa-label-star\" title=\"5.0 de 5\"><\/label><input type=\"radio\" class=\"naaa-input-star\" name=\"6a0902a15a5d5\" value=\"9\" \/><label class=\"naaa-half naaa-label-star\" title=\"5.0 de 5\"><\/label><input type=\"radio\" class=\"naaa-input-star\" name=\"6a0902a15a5d5\" value=\"8\" \/><label class=\"naaa-full naaa-label-star\" title=\"5.0 de 5\"><\/label><input type=\"radio\" class=\"naaa-input-star\" name=\"6a0902a15a5d5\" value=\"7\" \/><label class=\"naaa-half naaa-label-star\" title=\"5.0 de 5\"><\/label><input type=\"radio\" class=\"naaa-input-star\" name=\"6a0902a15a5d5\" value=\"6\" \/><label class=\"naaa-full naaa-label-star\" title=\"5.0 de 5\"><\/label><input type=\"radio\" class=\"naaa-input-star\" name=\"6a0902a15a5d5\" value=\"5\" \/><label class=\"naaa-half naaa-label-star\" title=\"5.0 de 5\"><\/label><input type=\"radio\" class=\"naaa-input-star\" name=\"6a0902a15a5d5\" value=\"4\" \/><label class=\"naaa-full naaa-label-star\" title=\"5.0 de 5\"><\/label><input type=\"radio\" class=\"naaa-input-star\" name=\"6a0902a15a5d5\" value=\"3\" \/><label class=\"naaa-half naaa-label-star\" title=\"5.0 de 5\"><\/label><input type=\"radio\" class=\"naaa-input-star\" name=\"6a0902a15a5d5\" value=\"2\" \/><label class=\"naaa-full naaa-label-star\" title=\"5.0 de 5\"><\/label><\/fieldset><\/div>\n\t\t\t\t\t\t\t\t\n\t\t\t\t\t\t\t<\/div>\n\t\t\t\t\t\t<\/div>\n\t\t\t\t\t\t<\/a>\n\t\t\t\t\t<\/div><\/div>\n\t\t\t\t\t\t<\/div>\n\n\n\n<div class=\"wp-block-uagb-info-box uagb-infobox__outer-wrap uagb-block-42fba9c3\"><div class=\"uagb-infobox__content-wrap uagb-infobox uagb-infobox-has-image uagb-infobox-icon-above-title uagb-infobox-image-valign-top uagb-infobox-enable-border-radius \"><div class=\"uagb-ifb-left-right-wrap\"><div class=\"uagb-ifb-content\"><div class=\"uagb-ifb-image-icon-content uagb-ifb-imgicon-wrap\"><div class=\"uagb-ifb-image\"><div class=\"uagb-ifb-image-content\"><img decoding=\"async\" class=\"uagb-ifb-img-src\" src=\"https:\/\/www.amortiguadoresdeauto.com\/wp-content\/uploads\/2022\/04\/Kit-de-2-Amortiguadores-Cofap-para-Corsa-Classic-Celta.png\" alt=\"Kit de 2 Amortiguadores Delanteros Cofap para Corsa Classic Celta\"\/><\/div><\/div><\/div><div class=\"uagb-ifb-title-wrap\"><h3 class=\"uagb-ifb-title\">Kit de 2 Amortiguadores Delanteros Cofap para Corsa Classic Celta<\/h3><\/div><div class=\"uagb-ifb-separator-parent\"><div class=\"uagb-ifb-separator\"><\/div><\/div><div class=\"uagb-ifb-text-wrap\"><div class=\"uagb-ifb-cta uagb-infobox-cta-link-style\"><div class=\"uagb-ifb-button-wrapper\"><a href=\"https:\/\/articulo.mercadolibre.com.ar\/MLA-882434354-kit-2-amortiguador-delantero-chevrolet-corsa-classic-16-8v-_JM#position=1&amp;search_layout=stack&amp;type=pad&amp;tracking_id=665a2bbe-6d22-4249-b252-eb1de9abeb82&amp;is_advertising=true&amp;ad_domain=VQCATCORE_LST&amp;ad_position=1&amp;ad_click_id=NTViZWE1ODctMzMzMC00NTRkLTg2OWEtZDE5M2M1MTgyMGJi\" class=\"uagb-infobox-cta-link uagb-ifb-cta-button\" target=\"_blank\" rel=\"noopener noreferrer\"><span class=\"uagb-ifb-cta-content-wrapper\"><span class=\"uagb-inline-editing \">Ver precio en Mercado Libre<\/span><\/span><\/a><\/div><\/div><\/div><\/div><\/div><\/div><\/div>\n\n\n\n<p><\/p>\n\n\n\n<div class=\"wp-block-uagb-info-box uagb-infobox__outer-wrap uagb-block-fed9549d\"><div class=\"uagb-infobox__content-wrap uagb-infobox uagb-infobox-has-image uagb-infobox-icon-above-title uagb-infobox-image-valign-top uagb-infobox-enable-border-radius \"><div class=\"uagb-ifb-left-right-wrap\"><div class=\"uagb-ifb-content\"><div class=\"uagb-ifb-image-icon-content uagb-ifb-imgicon-wrap\"><div class=\"uagb-ifb-image\"><div class=\"uagb-ifb-image-content\"><img decoding=\"async\" class=\"uagb-ifb-img-src\" src=\"https:\/\/www.amortiguadoresdeauto.com\/wp-content\/uploads\/2022\/04\/Kit-de-2-Amortiguadores-Traseros-Chevrolet-Corsa-Classic-1.6-8v-1.png\" alt=\"Kit de 2 Amortiguadores Traseros Chevrolet Corsa Classic 1.6 8v\"\/><\/div><\/div><\/div><div class=\"uagb-ifb-title-wrap\"><h3 class=\"uagb-ifb-title\">Kit de 2 Amortiguadores Traseros Chevrolet Corsa Classic 1.6 8v<\/h3><\/div><div class=\"uagb-ifb-separator-parent\"><div class=\"uagb-ifb-separator\"><\/div><\/div><div class=\"uagb-ifb-text-wrap\"><div class=\"uagb-ifb-cta uagb-infobox-cta-link-style\"><div class=\"uagb-ifb-button-wrapper\"><a href=\"https:\/\/articulo.mercadolibre.com.ar\/MLA-870758541-kit-2-amortiguador-trasero-chevrolet-corsa-classic-16-8v-_JM#position=2&amp;search_layout=stack&amp;type=pad&amp;tracking_id=665a2bbe-6d22-4249-b252-eb1de9abeb82&amp;is_advertising=true&amp;ad_domain=VQCATCORE_LST&amp;ad_position=2&amp;ad_click_id=YmQ0NGQzZTMtYmE5OS00ODNkLWI1ZTMtODBmNWZiZDc1OWE5\" class=\"uagb-infobox-cta-link uagb-ifb-cta-button\" target=\"_blank\" rel=\"noopener noreferrer\"><span class=\"uagb-ifb-cta-content-wrapper\"><span class=\"uagb-inline-editing \">Ver precio en Mercado Libre<\/span><\/span><\/a><\/div><\/div><\/div><\/div><\/div><\/div><\/div>\n\n\n\n<p><\/p>\n\n\n\n<div class=\"wp-block-uagb-info-box uagb-infobox__outer-wrap uagb-block-4026f008\"><div class=\"uagb-infobox__content-wrap uagb-infobox uagb-infobox-has-image uagb-infobox-icon-above-title uagb-infobox-image-valign-top uagb-infobox-enable-border-radius \"><div class=\"uagb-ifb-left-right-wrap\"><div class=\"uagb-ifb-content\"><div class=\"uagb-ifb-image-icon-content uagb-ifb-imgicon-wrap\"><div class=\"uagb-ifb-image\"><div class=\"uagb-ifb-image-content\"><img decoding=\"async\" class=\"uagb-ifb-img-src\" src=\"https:\/\/www.amortiguadoresdeauto.com\/wp-content\/uploads\/2022\/04\/Kits-de-4-Amortiguadores-Cofap-Vw-Gol-Power.png\" alt=\"Kits de 4 Amortiguadores Cofap Volkswagen Gol Power\"\/><\/div><\/div><\/div><div class=\"uagb-ifb-title-wrap\"><h3 class=\"uagb-ifb-title\">Cofap Gol Power y Gol Country<\/h3><\/div><div class=\"uagb-ifb-separator-parent\"><div class=\"uagb-ifb-separator\"><\/div><\/div><div class=\"uagb-ifb-text-wrap\"><div class=\"uagb-ifb-cta uagb-infobox-cta-link-style\"><div class=\"uagb-ifb-button-wrapper\"><a href=\"https:\/\/listado.mercadolibre.com.ar\/amortiguadores-cofap-kit-4-gol-power#D[A:amortiguadores%20cofap%20kit%204%20gol%20power]\" class=\"uagb-infobox-cta-link uagb-ifb-cta-button\" target=\"_blank\" rel=\"noopener noreferrer\"><span class=\"uagb-ifb-cta-content-wrapper\"><span class=\"uagb-inline-editing \">Ver precios en Mercado Libre<\/span><\/span><\/a><\/div><\/div><\/div><\/div><\/div><\/div><\/div>\n\n\n\n<p><\/p>\n\n\n\n<p>Si quieres ver los cat\u00e1logos completos en formato PDF y buscar cu\u00e1l es compatible con tu auto seg\u00fan el n\u00famero de pieza, aqu\u00ed est\u00e1n los cat\u00e1logos completos:<\/p>\n\n\n\n<ul><li><a href=\"https:\/\/s3-sa-east-1.amazonaws.com\/soloelegidos\/COFAP+-+Amortiguadores+Linea+Liviana+-+Catalogo.pdf\">L\u00ednea Liviana<\/a><\/li><li><a href=\"https:\/\/s3-sa-east-1.amazonaws.com\/soloelegidos\/COFAP+-+Amortiguadores+Linea+Pesada+-+Catalogo.pdf\">L\u00ednea Pesada<\/a><\/li><\/ul>\n\n\n\n<p><\/p>\n\n\n\n<p><\/p>\n\n\n\n<h2 class=\"wp-block-heading\"><strong>Conclusi\u00f3n<\/strong><\/h2>\n\n\n\n<p>En general, existe una opini\u00f3n positiva sobre los amortiguadores Cofap. Son vistos como una buena relaci\u00f3n calidad-precio, con buena calidad y durabilidad. Hay quienes los encuentran ruidosos al conducir, pero esto no es un problema importante para la mayor\u00eda de las personas. <\/p>\n\n\n\n<p>Si buscas un buen amortiguador a un precio econ\u00f3mico, los amortiguadores Cofap pueden ser una buena opci\u00f3n.<\/p>\n\n\n\n<p>Si quieres saber acerca de otros amortiguadores o cualquier tema relacionado con ellos, encontraras todo lo que necesitas en nuestra <a href=\"https:\/\/www.amortiguadoresdeauto.com\/\">p\u00e1gina de inicio<\/a>.<\/p>\n\n\n\n<p><\/p>\n\n\n\n<p><\/p>\n","protected":false},"excerpt":{"rendered":"<p>Los amortiguadores Cofap son muy buscados y vendidos en muchos pa&iacute;ses, especialmente en Argentina. La marca se especializa en productos como resortes neum&aacute;ticos, parrillas de suspensi&oacute;n, juntas homocin&eacute;ticas y por supuesto, los amortiguadores. Si est&aacute;s buscando conocer esta marca, tambi&eacute;n conocida por algunos como Magneti Marelli Cofap, aqu&iacute; encontraras todo lo que necesitas saber, desde &#8230; <a title=\"Amortiguadores Cofap y su Historia, Caracter\u00edsticas, Precios y M\u00e1s\" class=\"read-more\" href=\"https:\/\/www.amortiguadoresdeauto.com\/index.php\/amortiguadores-cofap\/\">Leer m\u00e1s<\/a><\/p>\n","protected":false},"author":1,"featured_media":890,"parent":0,"menu_order":0,"comment_status":"closed","ping_status":"closed","template":"","meta":{"footnotes":""},"uagb_featured_image_src":{"full":["https:\/\/www.amortiguadoresdeauto.com\/wp-content\/uploads\/2022\/04\/Kits-de-4-Amortiguadores-Cofap-Vw-Gol-Power-1.png",293,307,false],"thumbnail":["https:\/\/www.amortiguadoresdeauto.com\/wp-content\/uploads\/2022\/04\/Kits-de-4-Amortiguadores-Cofap-Vw-Gol-Power-1-150x150.png",150,150,true],"medium":["https:\/\/www.amortiguadoresdeauto.com\/wp-content\/uploads\/2022\/04\/Kits-de-4-Amortiguadores-Cofap-Vw-Gol-Power-1-286x300.png",286,300,true],"medium_large":["https:\/\/www.amortiguadoresdeauto.com\/wp-content\/uploads\/2022\/04\/Kits-de-4-Amortiguadores-Cofap-Vw-Gol-Power-1.png",293,307,false],"large":["https:\/\/www.amortiguadoresdeauto.com\/wp-content\/uploads\/2022\/04\/Kits-de-4-Amortiguadores-Cofap-Vw-Gol-Power-1.png",293,307,false],"1536x1536":["https:\/\/www.amortiguadoresdeauto.com\/wp-content\/uploads\/2022\/04\/Kits-de-4-Amortiguadores-Cofap-Vw-Gol-Power-1.png",293,307,false],"2048x2048":["https:\/\/www.amortiguadoresdeauto.com\/wp-content\/uploads\/2022\/04\/Kits-de-4-Amortiguadores-Cofap-Vw-Gol-Power-1.png",293,307,false]},"uagb_author_info":{"display_name":"admin","author_link":"https:\/\/www.amortiguadoresdeauto.com\/index.php\/author\/admin\/"},"uagb_comment_info":0,"uagb_excerpt":"Los amortiguadores Cofap son muy buscados y vendidos en muchos pa&iacute;ses, especialmente en Argentina. La marca se especializa en productos como resortes neum&aacute;ticos, parrillas de suspensi&oacute;n, juntas homocin&eacute;ticas y por supuesto, los amortiguadores. Si est&aacute;s buscando conocer esta marca, tambi&eacute;n conocida por algunos como Magneti Marelli Cofap, aqu&iacute; encontraras todo lo que necesitas saber, desde&hellip;","yoast_head":"<!-- This site is optimized with the Yoast SEO plugin v14.7 - https:\/\/yoast.com\/wordpress\/plugins\/seo\/ -->\n<title>Amortiguadores Cofap y su Historia, Caracter\u00edsticas, Precios y M\u00e1s<\/title>\n<meta name=\"description\" content=\"Los amortiguadores Cofap son muy buscados y vendidos, especialmente en Brasil. Conoce todo acerca de estos, su origen, ofertas y opiniones.\" \/>\n<meta name=\"robots\" content=\"index, follow\" \/>\n<meta name=\"googlebot\" content=\"index, follow, max-snippet:-1, max-image-preview:large, max-video-preview:-1\" \/>\n<meta name=\"bingbot\" content=\"index, follow, max-snippet:-1, max-image-preview:large, max-video-preview:-1\" \/>\n<link rel=\"canonical\" href=\"https:\/\/www.amortiguadoresdeauto.com\/index.php\/amortiguadores-cofap\/\" \/>\n<meta property=\"og:locale\" content=\"es_ES\" \/>\n<meta property=\"og:type\" content=\"article\" \/>\n<meta property=\"og:title\" content=\"Amortiguadores Cofap y su Historia, Caracter\u00edsticas, Precios y M\u00e1s\" \/>\n<meta property=\"og:description\" content=\"Los amortiguadores Cofap son muy buscados y vendidos, especialmente en Brasil. Conoce todo acerca de estos, su origen, ofertas y opiniones.\" \/>\n<meta property=\"og:url\" content=\"https:\/\/www.amortiguadoresdeauto.com\/index.php\/amortiguadores-cofap\/\" \/>\n<meta property=\"og:site_name\" content=\"Amortiguadores\" \/>\n<meta property=\"article:modified_time\" content=\"2022-05-20T08:19:54+00:00\" \/>\n<meta property=\"og:image\" content=\"https:\/\/www.amortiguadoresdeauto.com\/wp-content\/uploads\/2022\/04\/Kits-de-4-Amortiguadores-Cofap-Vw-Gol-Power-1.png\" \/>\n\t<meta property=\"og:image:width\" content=\"293\" \/>\n\t<meta property=\"og:image:height\" content=\"307\" \/>\n<meta name=\"twitter:card\" content=\"summary_large_image\" \/>\n<script type=\"application\/ld+json\" class=\"yoast-schema-graph\">{\"@context\":\"https:\/\/schema.org\",\"@graph\":[{\"@type\":\"WebSite\",\"@id\":\"https:\/\/www.amortiguadoresdeauto.com\/#website\",\"url\":\"https:\/\/www.amortiguadoresdeauto.com\/\",\"name\":\"Amortiguadores\",\"description\":\"De Auto\",\"potentialAction\":[{\"@type\":\"SearchAction\",\"target\":\"https:\/\/www.amortiguadoresdeauto.com\/?s={search_term_string}\",\"query-input\":\"required name=search_term_string\"}],\"inLanguage\":\"es\"},{\"@type\":\"ImageObject\",\"@id\":\"https:\/\/www.amortiguadoresdeauto.com\/index.php\/amortiguadores-cofap\/#primaryimage\",\"inLanguage\":\"es\",\"url\":\"https:\/\/www.amortiguadoresdeauto.com\/wp-content\/uploads\/2022\/04\/Kits-de-4-Amortiguadores-Cofap-Vw-Gol-Power-1.png\",\"width\":293,\"height\":307,\"caption\":\"Amortiguadores Cofap\"},{\"@type\":\"WebPage\",\"@id\":\"https:\/\/www.amortiguadoresdeauto.com\/index.php\/amortiguadores-cofap\/#webpage\",\"url\":\"https:\/\/www.amortiguadoresdeauto.com\/index.php\/amortiguadores-cofap\/\",\"name\":\"Amortiguadores Cofap y su Historia, Caracter\\u00edsticas, Precios y M\\u00e1s\",\"isPartOf\":{\"@id\":\"https:\/\/www.amortiguadoresdeauto.com\/#website\"},\"primaryImageOfPage\":{\"@id\":\"https:\/\/www.amortiguadoresdeauto.com\/index.php\/amortiguadores-cofap\/#primaryimage\"},\"datePublished\":\"2022-04-25T02:25:59+00:00\",\"dateModified\":\"2022-05-20T08:19:54+00:00\",\"description\":\"Los amortiguadores Cofap son muy buscados y vendidos, especialmente en Brasil. Conoce todo acerca de estos, su origen, ofertas y opiniones.\",\"inLanguage\":\"es\",\"potentialAction\":[{\"@type\":\"ReadAction\",\"target\":[\"https:\/\/www.amortiguadoresdeauto.com\/index.php\/amortiguadores-cofap\/\"]}]}]}<\/script>\n<!-- \/ Yoast SEO plugin. -->","_links":{"self":[{"href":"https:\/\/www.amortiguadoresdeauto.com\/index.php\/wp-json\/wp\/v2\/pages\/870"}],"collection":[{"href":"https:\/\/www.amortiguadoresdeauto.com\/index.php\/wp-json\/wp\/v2\/pages"}],"about":[{"href":"https:\/\/www.amortiguadoresdeauto.com\/index.php\/wp-json\/wp\/v2\/types\/page"}],"author":[{"embeddable":true,"href":"https:\/\/www.amortiguadoresdeauto.com\/index.php\/wp-json\/wp\/v2\/users\/1"}],"replies":[{"embeddable":true,"href":"https:\/\/www.amortiguadoresdeauto.com\/index.php\/wp-json\/wp\/v2\/comments?post=870"}],"version-history":[{"count":13,"href":"https:\/\/www.amortiguadoresdeauto.com\/index.php\/wp-json\/wp\/v2\/pages\/870\/revisions"}],"predecessor-version":[{"id":974,"href":"https:\/\/www.amortiguadoresdeauto.com\/index.php\/wp-json\/wp\/v2\/pages\/870\/revisions\/974"}],"wp:featuredmedia":[{"embeddable":true,"href":"https:\/\/www.amortiguadoresdeauto.com\/index.php\/wp-json\/wp\/v2\/media\/890"}],"wp:attachment":[{"href":"https:\/\/www.amortiguadoresdeauto.com\/index.php\/wp-json\/wp\/v2\/media?parent=870"}],"curies":[{"name":"wp","href":"https:\/\/api.w.org\/{rel}","templated":true}]}}