{"id":95,"date":"2020-11-04T13:09:00","date_gmt":"2020-11-04T13:09:00","guid":{"rendered":"https:\/\/www.amortiguadoresdeauto.com\/?page_id=95"},"modified":"2021-01-06T22:48:53","modified_gmt":"2021-01-06T22:48:53","slug":"amortiguadores-schutzen","status":"publish","type":"page","link":"https:\/\/www.amortiguadoresdeauto.com\/index.php\/amortiguadores-schutzen\/","title":{"rendered":"Amortiguadores Sch\u00fctzen"},"content":{"rendered":"\n<p>Los amortiguadores Schutzen son una marca con tecnolog\u00eda alemana y con centro de distribuci\u00f3n en Costa Rica para atender los mercados de America Central y America del Sur.<\/p>\n\n\n\n<p>Entre las caracter\u00edsticas de los amortiguadores Sch\u00fctzen se encuentra su dise\u00f1o especial para reducir la fricci\u00f3n y asegurar la estabilidad de conducci\u00f3n. Tambi\u00e9n cuenta con v\u00e1lvula autoajustable que brinda respuesta inmediata y nitr\u00f3geno presurizado que reduce el fen\u00f3meno de aireaci\u00f3n y la formaci\u00f3n de espuma. De esta forma ofrece al conductor un rendimiento superior.<\/p>\n\n\n\n<p>Adem\u00e1s los amortiguadores Sch\u00fctzen son adecuados para soportar cualquier tipo de clima y cuentan con tres modelos en su l\u00ednea, que son los siguientes:<\/p>\n\n\n\n<h2 class=\"wp-block-heading\"><strong>Amortiguadores Sch\u00fctzen de Plato o Asiento<\/strong><\/h2>\n\n\n\n<p>Este amortiguador cuenta con varias caracter\u00edsticas para mejorar la conducci\u00f3n y durabilidad. Entre estas se encuentra su elaboraci\u00f3n con materiales de alta calidad para evitar rupturas y fugas.<\/p>\n\n\n\n<p>Adem\u00e1s cuenta con revestimiento del pist\u00f3n cromado de alta duraci\u00f3n que garantiza un prolongado servicio y un dise\u00f1o. Tambi\u00e9n tiene una v\u00e1lvula autoajustable que brinda respuesta inmediata en caso de ser requerida.<\/p>\n\n\n\n<p>El amortiguador Schutzen de plato o asiento esta dise\u00f1ado para reducir la fricci\u00f3n, asegurar la estabilidad de conducci\u00f3n y es adecuado para todo tipo de clima.<\/p>\n\n\n\n<p>Este modelo funciona con nitr\u00f3geno presurizado que reduce el fen\u00f3meno de aireaci\u00f3n y la formaci\u00f3n de espuma. de esta forma,  mejora la estabilidad y ofrece a los conductores un mejor rendimiento de conducci\u00f3n.<\/p>\n\n\n\n<h2 class=\"wp-block-heading\"><strong>Amortiguador Schutzen Convencional<\/strong><\/h2>\n\n\n\n<p>El amortiguador Shutzen convencional cuenta con caracter\u00edsticas como el nitr\u00f3geno incorporado, lo que reduce las condiciones de aireaci\u00f3n y la inestabilidad del veh\u00edculo, proporcionando una experiencia de conducci\u00f3n c\u00f3moda y segura.<\/p>\n\n\n\n<p>Cuenta con unos pistones fuertes de aleaci\u00f3n de aluminio, que ampl\u00edan considerablemente su vida \u00fatil.<\/p>\n\n\n\n<p>Tambi\u00e9n tiene un dise\u00f1o especial que reduce la fricci\u00f3n y asegura la estabilidad de conducci\u00f3n. A su vez posee un sellado de aceite de alta calidad para reducir la fricci\u00f3n y aumentar la durabilidad. Este amortiguador es adecuado para su uso en todo tipo de clima.<\/p>\n\n\n\n<h2 class=\"wp-block-heading\"><strong>Schutzen de Botella<\/strong><\/h2>\n\n\n\n<p>Este modelo de Sch\u00fctzen puede ser capaz de controlar el impulso del arranque y mantiene la correcta posici\u00f3n y funci\u00f3n de las ruedas con el sistema de suspensi\u00f3n del veh\u00edculo, esto garantiza el m\u00e1ximo agarre y estabilidad.<\/p>\n\n\n\n<p>Cuenta con un dise\u00f1o especial que reduce la fricci\u00f3n y asegura la estabilidad de conducci\u00f3n. Adem\u00e1s es adecuado para todo tipo de clima. <\/p>\n\n\n\n<p>Estas son una de las caracter\u00edsticas de este amortiguador a las que se suma la avanzada tecnolog\u00eda de nitr\u00f3geno presurizado que mejora el desempe\u00f1o en el manejo en carreteras y experiencia de conducci\u00f3n superior.<\/p>\n\n\n\n<p>Tambi\u00e9n, su multicapa de chapado para producir el v\u00e1stago del pist\u00f3n extiende la vida de servicio. Finalmente, el gas a presi\u00f3n del cilindro evita las burbujas de aire fluido hidr\u00e1ulico. De esta manera asegura un flujo suave de liquido dentro del cilindro.<\/p>\n\n\n\n<p>Estos son los modelos de amortiguadores Sch\u00fctzen que dominan en el mercado. Sigue navegando en nuestra <a href=\"https:\/\/www.amortiguadoresdeauto.com\/\">pagina web<\/a> para que aprendas acerca de todos los tipos de amortiguadores, las marcas y los modelos.<\/p>\n","protected":false},"excerpt":{"rendered":"<p>Los amortiguadores Schutzen son una marca con tecnolog&iacute;a alemana y con centro de distribuci&oacute;n en Costa Rica para atender los mercados de America Central y America del Sur. Entre las caracter&iacute;sticas de los amortiguadores Sch&uuml;tzen se encuentra su dise&ntilde;o especial para reducir la fricci&oacute;n y asegurar la estabilidad de conducci&oacute;n. Tambi&eacute;n cuenta con v&aacute;lvula autoajustable &#8230; <a title=\"Amortiguadores Sch\u00fctzen\" class=\"read-more\" href=\"https:\/\/www.amortiguadoresdeauto.com\/index.php\/amortiguadores-schutzen\/\">Leer m\u00e1s<\/a><\/p>\n","protected":false},"author":1,"featured_media":96,"parent":0,"menu_order":0,"comment_status":"closed","ping_status":"closed","template":"","meta":{"footnotes":""},"uagb_featured_image_src":{"full":["https:\/\/www.amortiguadoresdeauto.com\/wp-content\/uploads\/2020\/11\/iss_14261_00701.jpg",1000,1000,false],"thumbnail":["https:\/\/www.amortiguadoresdeauto.com\/wp-content\/uploads\/2020\/11\/iss_14261_00701-150x150.jpg",150,150,true],"medium":["https:\/\/www.amortiguadoresdeauto.com\/wp-content\/uploads\/2020\/11\/iss_14261_00701-300x300.jpg",300,300,true],"medium_large":["https:\/\/www.amortiguadoresdeauto.com\/wp-content\/uploads\/2020\/11\/iss_14261_00701-768x768.jpg",768,768,true],"large":["https:\/\/www.amortiguadoresdeauto.com\/wp-content\/uploads\/2020\/11\/iss_14261_00701.jpg",1000,1000,false],"1536x1536":["https:\/\/www.amortiguadoresdeauto.com\/wp-content\/uploads\/2020\/11\/iss_14261_00701.jpg",1000,1000,false],"2048x2048":["https:\/\/www.amortiguadoresdeauto.com\/wp-content\/uploads\/2020\/11\/iss_14261_00701.jpg",1000,1000,false]},"uagb_author_info":{"display_name":"admin","author_link":"https:\/\/www.amortiguadoresdeauto.com\/index.php\/author\/admin\/"},"uagb_comment_info":0,"uagb_excerpt":"Los amortiguadores Schutzen son una marca con tecnolog&iacute;a alemana y con centro de distribuci&oacute;n en Costa Rica para atender los mercados de America Central y America del Sur. Entre las caracter&iacute;sticas de los amortiguadores Sch&uuml;tzen se encuentra su dise&ntilde;o especial para reducir la fricci&oacute;n y asegurar la estabilidad de conducci&oacute;n. Tambi&eacute;n cuenta con v&aacute;lvula autoajustable&hellip;","yoast_head":"<!-- This site is optimized with the Yoast SEO plugin v14.7 - https:\/\/yoast.com\/wordpress\/plugins\/seo\/ -->\n<title>Amortiguadores Sch\u00fctzen - Amortiguadores<\/title>\n<meta name=\"description\" content=\"Conoce los amortiguadores Sch\u00fctzen, parte de su historia, los tipos y modelos. En fin, todo lo que debes saber acerca de estos amortiguadores.\" \/>\n<meta name=\"robots\" content=\"index, follow\" \/>\n<meta name=\"googlebot\" content=\"index, follow, max-snippet:-1, max-image-preview:large, max-video-preview:-1\" \/>\n<meta name=\"bingbot\" content=\"index, follow, max-snippet:-1, max-image-preview:large, max-video-preview:-1\" \/>\n<link rel=\"canonical\" href=\"https:\/\/www.amortiguadoresdeauto.com\/index.php\/amortiguadores-schutzen\/\" \/>\n<meta property=\"og:locale\" content=\"es_ES\" \/>\n<meta property=\"og:type\" content=\"article\" \/>\n<meta property=\"og:title\" content=\"Amortiguadores Sch\u00fctzen - Amortiguadores\" \/>\n<meta property=\"og:description\" content=\"Conoce los amortiguadores Sch\u00fctzen, parte de su historia, los tipos y modelos. En fin, todo lo que debes saber acerca de estos amortiguadores.\" \/>\n<meta property=\"og:url\" content=\"https:\/\/www.amortiguadoresdeauto.com\/index.php\/amortiguadores-schutzen\/\" \/>\n<meta property=\"og:site_name\" content=\"Amortiguadores\" \/>\n<meta property=\"article:modified_time\" content=\"2021-01-06T22:48:53+00:00\" \/>\n<meta property=\"og:image\" content=\"https:\/\/www.amortiguadoresdeauto.com\/wp-content\/uploads\/2020\/11\/iss_14261_00701.jpg\" \/>\n\t<meta property=\"og:image:width\" content=\"1000\" \/>\n\t<meta property=\"og:image:height\" content=\"1000\" \/>\n<meta name=\"twitter:card\" content=\"summary_large_image\" \/>\n<script type=\"application\/ld+json\" class=\"yoast-schema-graph\">{\"@context\":\"https:\/\/schema.org\",\"@graph\":[{\"@type\":\"WebSite\",\"@id\":\"https:\/\/www.amortiguadoresdeauto.com\/#website\",\"url\":\"https:\/\/www.amortiguadoresdeauto.com\/\",\"name\":\"Amortiguadores\",\"description\":\"De Auto\",\"potentialAction\":[{\"@type\":\"SearchAction\",\"target\":\"https:\/\/www.amortiguadoresdeauto.com\/?s={search_term_string}\",\"query-input\":\"required name=search_term_string\"}],\"inLanguage\":\"es\"},{\"@type\":\"ImageObject\",\"@id\":\"https:\/\/www.amortiguadoresdeauto.com\/index.php\/amortiguadores-schutzen\/#primaryimage\",\"inLanguage\":\"es\",\"url\":\"https:\/\/www.amortiguadoresdeauto.com\/wp-content\/uploads\/2020\/11\/iss_14261_00701.jpg\",\"width\":1000,\"height\":1000,\"caption\":\"amortiguadores Schutzen\"},{\"@type\":\"WebPage\",\"@id\":\"https:\/\/www.amortiguadoresdeauto.com\/index.php\/amortiguadores-schutzen\/#webpage\",\"url\":\"https:\/\/www.amortiguadoresdeauto.com\/index.php\/amortiguadores-schutzen\/\",\"name\":\"Amortiguadores Sch\\u00fctzen - Amortiguadores\",\"isPartOf\":{\"@id\":\"https:\/\/www.amortiguadoresdeauto.com\/#website\"},\"primaryImageOfPage\":{\"@id\":\"https:\/\/www.amortiguadoresdeauto.com\/index.php\/amortiguadores-schutzen\/#primaryimage\"},\"datePublished\":\"2020-11-04T13:09:00+00:00\",\"dateModified\":\"2021-01-06T22:48:53+00:00\",\"description\":\"Conoce los amortiguadores Sch\\u00fctzen, parte de su historia, los tipos y modelos. En fin, todo lo que debes saber acerca de estos amortiguadores.\",\"inLanguage\":\"es\",\"potentialAction\":[{\"@type\":\"ReadAction\",\"target\":[\"https:\/\/www.amortiguadoresdeauto.com\/index.php\/amortiguadores-schutzen\/\"]}]}]}<\/script>\n<!-- \/ Yoast SEO plugin. -->","_links":{"self":[{"href":"https:\/\/www.amortiguadoresdeauto.com\/index.php\/wp-json\/wp\/v2\/pages\/95"}],"collection":[{"href":"https:\/\/www.amortiguadoresdeauto.com\/index.php\/wp-json\/wp\/v2\/pages"}],"about":[{"href":"https:\/\/www.amortiguadoresdeauto.com\/index.php\/wp-json\/wp\/v2\/types\/page"}],"author":[{"embeddable":true,"href":"https:\/\/www.amortiguadoresdeauto.com\/index.php\/wp-json\/wp\/v2\/users\/1"}],"replies":[{"embeddable":true,"href":"https:\/\/www.amortiguadoresdeauto.com\/index.php\/wp-json\/wp\/v2\/comments?post=95"}],"version-history":[{"count":4,"href":"https:\/\/www.amortiguadoresdeauto.com\/index.php\/wp-json\/wp\/v2\/pages\/95\/revisions"}],"predecessor-version":[{"id":177,"href":"https:\/\/www.amortiguadoresdeauto.com\/index.php\/wp-json\/wp\/v2\/pages\/95\/revisions\/177"}],"wp:featuredmedia":[{"embeddable":true,"href":"https:\/\/www.amortiguadoresdeauto.com\/index.php\/wp-json\/wp\/v2\/media\/96"}],"wp:attachment":[{"href":"https:\/\/www.amortiguadoresdeauto.com\/index.php\/wp-json\/wp\/v2\/media?parent=95"}],"curies":[{"name":"wp","href":"https:\/\/api.w.org\/{rel}","templated":true}]}}